hat is the remainder when n is divided by h(-3)?
0
Suppose 5*c = 8*c - 9. Suppose -3*d + 11 = 2*n, -2*n - 6 = -3*d + n. Calculate the remainder when d is divided by c.
0
Let q(b) = 2*b**2 - 3*b + 7. Calculate the remainder when q(4) is divided by 10.
7
Let v be 11 + (2 + -1)/(-1). Suppose -3*s = -2*j - v, 0 = 4*s - 0*s + j + 5. Suppose -k + 19 + 3 = s. What is the remainder when k is divided by 8?
6
Suppose -20 = -c + 11. What is the remainder when 120 is divided by c?
27
Calculate the remainder when (3 - (-14)/(-4))*-36 is divided by 11.
7
Let k(o) = 4*o**2 - 7*o + 4. Calculate the remainder when k(4) is divided by 15.
10
Suppose -5*h + 33 + 12 = 0. Let i be 3/(-2)*(-8)/6. Suppose 0 = -b - i*x + 24, -3*b + 0*b + 72 = -x. What is the remainder when b is divided by h?
6
Suppose -287*b = -282*b - 205. Suppose -2*u - 2*q = -40, -3*q = 2*u - 13 - 32. Calculate the remainder when b is divided by u.
11
Let h(x) = -7*x - 2. Calculate the remainder when 6 is divided by h(-1).
1
Let z be 6/3*1 - -2. Suppose z + 0 = -p. Let w = -1 - p. Calculate the remainder when 7 is divided by w.
1
Suppose 31*r = 26*r + 110. What is the remainder when 217 is divided by r?
19
Let r = 182 - 124. What is the remainder when r is divided by 15?
13
Let z(h) be the first derivative of h**4/4 - 2*h**3/3 - 3*h**2 + h - 2. Calculate the remainder when z(4) is divided by 2.
1
Suppose -5*a - 3*m + 142 = 0, -2*a - 2*a = -m - 117. Calculate the remainder when 56 is divided by a.
27
Suppose 5*j = -3*s + 5*s + 8, -4*j - 16 = 4*s. Let z be (28/(-2))/(j - 1). Suppose c - z - 5 = 0. Calculate the remainder when c is divided by 7.
5
Let t = 92 - 85. Calculate the remainder when 15 is divided by t.
1
Suppose 240 = 6*p - 2*p. Suppose -4*s + 44 + p = 0. Suppose -t + 3 + 4 = 0. What is the remainder when s is divided by t?
5
Suppose -8*z + 0*z + 56 = 0. Calculate the remainder when 23 is divided by z.
2
Suppose 0 = v - 3*v + 4*p + 24, v + 5*p + 16 = 0. What is the remainder when (-5 - -3)/((-6)/21) is divided by v?
3
Let p = 0 + 10. Suppose 5*c - 150 = 5*x, c + x - p = 10. Suppose c = 4*r + r. What is the remainder when 9 is divided by r?
4
Let u(d) = -2*d**2 + 4. Let b be u(3). Let s = 0 + b. Let l = -9 - s. Calculate the remainder when l is divided by 2.
1
Let j(o) = -o**2 + 13*o - 1. Let i = 106 + -66. Suppose 2*y = -5*b + i, 4*y + b + 6 - 50 = 0. Calculate the remainder when j(y) is divided by 10.
9
Suppose 2*g = -4*n + 2*n + 34, -2*g = -n + 20. What is the remainder when 32 is divided by n?
14
Suppose 20 = 3*l - 31. Let v(d) be the second derivative of -d**4/12 + 7*d**3/3 + 5*d**2 + d. Calculate the remainder when v(10) is divided by l.
16
Suppose -2*o = m - 3 - 30, 0 = 2*m - o - 41. Calculate the remainder when m is divided by 6.
5
Let o(j) = 4*j**2 - 2*j + 4. What is the remainder when o(-3) is divided by 12?
10
Calculate the remainder when (-18)/22 - -1 - 3051/(-99) is divided by 8.
7
Let j = 11 - 0. Let l(p) = p**3 - 10*p**2 - 10*p - 5. What is the remainder when 16 is divided by l(j)?
4
Calculate the remainder when (1407/134)/(1 + (-13)/14) is divided by 37.
36
Let j(x) = -x**3 - 9*x**2 - 8*x + 7. Suppose 5 = -n + 18. What is the remainder when (n/(-4))/((-2)/8) is divided by j(-8)?
6
Let x = -20 + 30. Calculate the remainder when 19 is divided by 1*x*1/1.
9
Suppose -i = -1 + 3. What is the remainder when 25 is divided by 112/(-20)*5/i?
11
Let w = 15 + -15. Suppose 2*z - 149 = -n, -2*z - 5*n - 179 = -4*z. Suppose -5*y = b - z, 3*y - 5*b + w*b = 63. What is the remainder when 31 is divided by y?
15
Suppose -7*p + 2*p - 4*c + 36 = 0, -28 = -4*p - 3*c. Let n(l) = 3*l + 3. Let s = -15 + 58. What is the remainder when s is divided by n(p)?
13
Suppose 0 = -3*s + t - 80, -49 = 4*s + 4*t + 63. Calculate the remainder when 6/s + 398/9 is divided by (-5)/(-2*(-2)/(-12)).
14
Suppose -3*v = 0, -4*w + 2*v + 146 = -138. Calculate the remainder when w is divided by 24.
23
Let h = -534 - -756. Calculate the remainder when h is divided by 45.
42
Let k(f) = 2*f**2 + 5*f + 6. Suppose 284 = -g + 5*g. What is the remainder when g is divided by k(-4)?
17
Suppose -v = -3*v + 70. Calculate the remainder when 103 is divided by v.
33
Suppose -g - 4 = -5*a, 0*g + 14 = 2*g + a. Let k = 8 + -4. What is the remainder when g is divided by k?
2
Let j = 2 - 3. Let w(u) = 12*u**2 + u + 1. What is the remainder when 22 is divided by w(j)?
10
Let w = 7 - 12. Let d = 10 + w. Suppose 46 + 6 = 4*l. Calculate the remainder when l is divided by d.
3
What is the remainder when 34 is divided by 12/(1/3 - 20/(-12))?
4
Suppose 0*o - 2*o = -4. Let h(c) = -6 - 2 + 0 - 1 + o*c. What is the remainder when h(8) is divided by 4?
3
Let v = 30 - -2. What is the remainder when v is divided by (-2 + 4)/2 + 16?
15
Let d = 8 + -5. Let z(w) = w**3 + 7*w**2 + 5*w - 2. Suppose -2*r - 13 = -1. Calculate the remainder when z(r) is divided by d.
1
Let p be (5/15)/(2/12). Suppose 0 = -p*c - 0*c - 2*d + 38, 5*d = 5*c - 115. Calculate the remainder when c is divided by 11.
10
Suppose 3*y - c = 5*y - 7, 0 = 3*y + 5*c - 21. Suppose 2*f = 5*n - 46, y*f = n - f - 17. Calculate the remainder when n is divided by 5.
3
Suppose 17*k - 12*k - 355 = 0. Calculate the remainder when k is divided by 8.
7
Let x(t) = 5*t - 11. Calculate the remainder when x(4) is divided by 5.
4
Suppose -7*b + 2*b + 3*r = -436, -2*b + 162 = 5*r. Calculate the remainder when b is divided by 6.
2
Suppose -4*j = -12, 4*j + 0 = h + 7. Let p be (0 + 0)/((-3)/(-3)). Suppose 0*d + d - 8 = p. What is the remainder when d is divided by h?
3
Suppose -2*r - 3 = -13. What is the remainder when r is divided by (3 + -1)/(-3 + 4)?
1
Calculate the remainder when (-4 - 2)*(-69)/9 is divided by 12.
10
Calculate the remainder when 45 is divided by 4 + (-1)/(-1) + 18.
22
Let r = 22 + 1. Suppose -4*q = -14 - 34. Calculate the remainder when r is divided by q.
11
Let v(q) = 2*q**2 - 11*q - 6. Let n be v(8). Let g = n - 14. What is the remainder when g is divided by (0 - 2)/((-4)/14)?
6
Let v = 1 - 10. Calculate the remainder when 3/v + 156/9 is divided by 10.
7
Let t be 1/((-2)/116) + 2. Calculate the remainder when 3/(-9) + t/(-6) is divided by 5.
4
Let l(c) = 2*c**2 - 4*c - 5. What is the remainder when l(4) is divided by 3?
2
Suppose -2 = -5*p + 13. Let h = 18 - p. Let l(i) = -i**3 - 2*i**2 + 2*i + 28. What is the remainder when l(0) is divided by h?
13
Let n = -14 - -18. Calculate the remainder when (-4)/16 + 63/12 is divided by n.
1
Let u = 69 + -47. Let h = 7 + -5. Calculate the remainder when (0 + h)/(10/215) is divided by u.
21
Let t = 11 - -2. Let o = -4 + t. What is the remainder when 15 is divided by o?
6
Let o(m) = -m**3 - 5*m**2 + 10*m + 8. What is the remainder when o(-7) is divided by 24/(-156) + (-498)/(-26)?
17
Let u(h) = -2*h**2 + 3*h + 3. Let d be u(-2). Let x = 58 + d. What is the remainder when x is divided by 12?
11
Let t be (405/6 + 0)*2. Suppose -4*i + i = -4*s + 103, 5*i + t = 5*s. What is the remainder when s is divided by 8?
6
Let z = 122 - 105. What is the remainder when 59 is divided by z?
8
Let i(t) = -5*t**3 + 51*t**2 - 19*t - 15. Let d(k) = -k**3 + 10*k**2 - 4*k - 3. Let a(l) = 11*d(l) - 2*i(l). What is the remainder when a(7) is divided by 2?
0
Let y = 56 - 105. Let v = -29 - y. Calculate the remainder when 78 is divided by v.
18
Let h(m) = -31*m**2 + 223*m - 3. Let i(k) = -k**2 - 9*k - 8. Calculate the remainder when h(7) is divided by i(-6).
9
Let i(b) = b + 9. Let o be 5*(2 - (2 + -1)). Calculate the remainder when i(15) is divided by 40/3 - o/15.
11
What is the remainder when (-2)/((-8)/428) + -1 is divided by 12?
10
Let q(u) be the second derivative of -u**3/6 - u**2/2 - u. Suppose -2*g + g = -11. What is the remainder when g is divided by q(-7)?
5
Let b be (-38)/(-10) - (-2)/10. Suppose -15 = -b*c + 17. Calculate the remainder when 15 is divided by c.
7
Let r(o) = o + 5. Let z be r(0). Suppose 2*d - 3*k - 8 = 7, 5*k - 100 = -z*d. What is the remainder when (-4)/14 + 396/14 is divided by d?
13
Suppose 0*m + 4 = 2*m. Suppose -19 - 19 = -m*p. Calculate the remainder when p is divided by 10.
9
Calculate the remainder when (-3 - 32/(-10))/((-7)/(-1505)) is divided by 11.
10
Suppose 0 = -14*c + 17*c - 39. Let s = 19 + 19. Calculate the remainder when s is divid